eatest common divisor of 14637 and 2062095.
861
Calculate the highest common divisor of 25628666 and 10918.
206
Calculate the greatest common factor of 3392 and 46093888.
3392
What is the greatest common factor of 11 and 754028?
11
Calculate the greatest common divisor of 658711016 and 376.
376
Calculate the greatest common factor of 2394 and 11108958.
798
What is the greatest common factor of 845 and 24418810?
845
Calculate the greatest common divisor of 598867 and 110.
1
What is the greatest common factor of 736 and 2485564?
92
Calculate the highest common divisor of 192 and 1245109728.
96
Calculate the greatest common factor of 2154 and 34090999.
359
Calculate the highest common factor of 5082 and 13160136.
66
What is the greatest common factor of 20256956 and 516?
172
What is the greatest common factor of 52171 and 22475?
29
What is the highest common factor of 333 and 656253?
9
Calculate the greatest common divisor of 241741 and 612567.
2347
Calculate the greatest common factor of 220 and 987283.
11
What is the greatest common divisor of 93853 and 194357?
739
What is the highest common factor of 320661 and 396738?
711
What is the greatest common divisor of 5924 and 490390201?
1481
Calculate the highest common factor of 10546 and 1533219664.
10546
What is the greatest common divisor of 169542496 and 612?
68
Calculate the greatest common factor of 100 and 18409900.
100
What is the greatest common factor of 20595 and 435879445?
6865
Calculate the greatest common factor of 174383 and 342463.
2101
What is the highest common divisor of 928 and 97925228?
116
What is the highest common divisor of 164 and 3295826?
82
What is the greatest common factor of 238 and 73273298?
238
Calculate the highest common factor of 294824 and 19728.
1096
What is the greatest common divisor of 5 and 16672655?
5
What is the highest common divisor of 101132 and 44197?
193
What is the greatest common factor of 134559546 and 5397?
771
Calculate the greatest common divisor of 248 and 2308616.
8
Calculate the greatest common divisor of 27453785 and 3170.
1585
Calculate the highest common divisor of 141593860 and 4101.
1367
Calculate the greatest common factor of 182150725 and 15310.
7655
Calculate the highest common factor of 28489209 and 84.
21
What is the highest common factor of 73035 and 19845?
135
Calculate the greatest common divisor of 52 and 80499796.
52
What is the highest common factor of 11961 and 20265478?
443
What is the greatest common factor of 12018 and 41814?
6
What is the highest common divisor of 216688 and 3099946?
934
What is the greatest common factor of 31828 and 6484955?
7957
Calculate the highest common divisor of 2510988 and 42.
6
What is the greatest common divisor of 928910 and 75715?
95
Calculate the greatest common factor of 64713 and 1491897.
1749
What is the highest common factor of 177034039 and 722?
361
Calculate the greatest common factor of 457241 and 9.
1
What is the highest common divisor of 47547 and 1703916?
81
Calculate the highest common factor of 3561956 and 91901.
3169
What is the highest common factor of 1484703 and 24?
3
What is the greatest common factor of 739762 and 29998?
566
What is the greatest common factor of 1138339975 and 1700?
425
What is the highest common factor of 84072571 and 5163?
1721
What is the greatest common factor of 86591 and 320557?
131
What is the highest common factor of 23298 and 510499?
11
Calculate the greatest common divisor of 220467325 and 23045.
2095
Calculate the highest common factor of 2336583 and 5451.
237
What is the greatest common factor of 9357 and 30375941?
3119
What is the greatest common factor of 141028279 and 3843?
427
What is the greatest common factor of 314291084 and 14072?
7036
Calculate the greatest common divisor of 4 and 16874307.
1
What is the greatest common factor of 12676059 and 32775?
1311
Calculate the highest common factor of 2533582 and 1504.
94
Calculate the highest common divisor of 3639 and 4489313.
1213
Calculate the highest common factor of 24076 and 39884672.
1852
What is the highest common divisor of 128232 and 36840024?
936
Calculate the highest common divisor of 5199771 and 2482551.
12351
Calculate the highest common divisor of 161640495 and 81.
27
What is the highest common factor of 26622438 and 3156?
1578
What is the highest common divisor of 148681244 and 27935?
5587
What is the greatest common divisor of 843 and 28327329?
843
What is the greatest common divisor of 13584 and 11028?
12
Calculate the highest common divisor of 74840 and 19130.
10
Calculate the greatest common divisor of 77275630 and 230.
230
What is the highest common divisor of 8550510 and 122090?
4210
Calculate the greatest common factor of 1 and 22326615.
1
Calculate the greatest common divisor of 45 and 9957680.
5
Calculate the highest common divisor of 20 and 753992.
4
What is the highest common divisor of 355173 and 33?
3
What is the highest common factor of 779716 and 1428?
28
What is the greatest common factor of 2889 and 228766?
107
What is the highest common divisor of 63336174 and 696?
174
What is the greatest common divisor of 11828416 and 6585?
439
What is the greatest common factor of 6038544 and 1776?
48
What is the highest common divisor of 16420 and 5942?
2
Calculate the greatest common divisor of 129543 and 19401.
87
What is the greatest common divisor of 7306 and 669623?
281
What is the greatest common divisor of 40968 and 1035?
9
Calculate the highest common factor of 16360618 and 446.
446
Calculate the greatest common divisor of 87 and 69520946.
29
What is the greatest common factor of 2150 and 476050?
50
Calculate the highest common divisor of 8487 and 65849.
23
What is the greatest common factor of 250715377 and 8657?
8657
What is the greatest common factor of 55312 and 80464?
16
Calculate the greatest common divisor of 55 and 38641405.
55
What is the greatest common factor of 1033 and 471024241?
1033
What is the highest common factor of 152950 and 11986910?
4370
What is the greatest common factor of 1083042 and 396?
18
Calculate the greatest common factor of 126 and 92423394.
126
Calculate the highest common factor of 2354 and 31566260.
22
What is the greatest common divisor of 14 and 3818626?
14
Calculate the greatest common divisor of 3258755 and 2924.
43
What is the highest common divisor of 241507496 and 291?
97
What is the highest common factor of 4790721 and 104?
13
Calculate the greatest common divisor of 1806039 and 13815.
9
What is the highest common factor of 427259 and 9968?
7
Calculate the highest common factor of 809510 and 133510.
1690
What is the greatest common factor of 963 and 4120992?
9
Calculate the greatest common divisor of 339077998 and 28.
14
What is the greatest common factor of 27326078 and 78?
26
What is the greatest common divisor of 5440619 and 1?
1
What is the greatest common factor of 124 and 7058648?
4
What is the greatest common divisor of 2871363072 and 237?
237
Calculate the greatest common divisor of 5697594 and 138726.
378
Calculate the highest common divisor of 1316 and 234298290.
94
Calculate the highest common factor of 6155 and 195.
5
What is the greatest common factor of 176966744 and 24?
8
What is the highest common factor of 13702 and 7582?
34
Calculate the highest common divisor of 352528 and 4136.
88
Calculate the greatest common divisor of 7128 and 29343512.
88
Calculate the greatest common factor of 851595 and 225.
15
Calculate the greatest common factor of 32736 and 64139.
31
Calculate the greatest common divisor of 3750 and 547074.
6
What is the greatest common factor of 107 and 25240444?
107
Calculate the highest common divisor of 207167649 and 9490.
949
Calculate the highest common divisor of 4824 and 287093124.
2412
Calculate the greatest common factor of 36941281 and 390.
13
Calculate the greatest common factor of 1182 and 139191729.
591
What is the highest common factor of 44 and 25087634?
22
Calculate the highest common factor of 899305 and 4840.
55
What is the greatest common factor of 28766115 and 721665?
9135
What is the highest common factor of 6150880 and 128?
32
What is the highest common divisor of 105576 and 692?
4
What is the highest common factor of 9730 and 4260628?
278
What is the greatest commo